{"id":630,"date":"2023-09-27T09:41:06","date_gmt":"2023-09-27T08:41:06","guid":{"rendered":"https:\/\/iicalgeri.esteri.it\/?page_id=630"},"modified":"2023-09-27T09:41:06","modified_gmt":"2023-09-27T08:41:06","slug":"dichiarazioni-di-insussistenza-di-cause-di-inconferibilita-e-incompatibilita-d-lgs-n-39-del-2013-art-20","status":"publish","type":"page","link":"https:\/\/iicalgeri.esteri.it\/it\/chi-siamo\/la-sede\/avvisi\/dichiarazioni-di-insussistenza-di-cause-di-inconferibilita-e-incompatibilita-d-lgs-n-39-del-2013-art-20\/","title":{"rendered":"Dichiarazioni di insussistenza di cause di inconferibilit\u00e0 e incompatibilit\u00e0 (D.lgs n. 39 del 2013, art. 20)"},"content":{"rendered":"<p><strong>Dichiarazioni di insussistenza di cause di inconferibilit\u00e0 e incompatibilit\u00e0 (D.lgs n. 39 del 2013, art. 20)<\/strong><\/p>\n<p>2022-02-17<\/p>\n<p>&nbsp;<\/p>\n<p>Maeci<\/p>\n<p>Le Dichiarazioni di insussistenza di cause di inconferibilit\u00e0 e incompatibilit\u00e0 sottoscritte dalla Direttrice dell&#8217;Istituto Italiano di Cultura di Algeri, dott.ssa Antonia Grande,<\/p>\n<p>sono pubblicate al seguente link :\u00a0<a href=\"https:\/\/www.esteri.it\/it\/trasparenza_comunicazioni_legali\/personale\/informazioni_dirigenti\/dichiarazioni_sostitutive_e_acquisizione_ufficio_dei_dati\/?lang=it&amp;anno_ref=2021&amp;sede=Istituti+di+Cultura&amp;nominativo=\">https:\/\/www.esteri.it\/it\/trasparenza_comunicazioni_legali\/personale\/informazioni_dirigenti\/dichiarazioni_sostitutive_e_acquisizione_ufficio_dei_dati\/?lang=it&amp;anno_ref=2021&amp;sede=Istituti+di+Cultura&amp;nominativo=<\/a><\/p>\n<p>&nbsp;<\/p>\n","protected":false},"excerpt":{"rendered":"Dichiarazioni di insussistenza di cause di inconferibilit\u00e0 e incompatibilit\u00e0 (D.lgs n. 39 del 2013, art. 20) 2022-02-17 &nbsp; Maeci Le Dichiarazioni di insussistenza di cause di inconferibilit\u00e0 e incompatibilit\u00e0 sottoscritte dalla Direttrice dell&#8217;Istituto Italiano di Cultura di Algeri, dott.ssa Antonia Grande, sono pubblicate al seguente link :\u00a0https:\/\/www.esteri.it\/it\/trasparenza_comunicazioni_legali\/personale\/informazioni_dirigenti\/dichiarazioni_sostitutive_e_acquisizione_ufficio_dei_dati\/?lang=it&amp;anno_ref=2021&amp;sede=Istituti+di+Cultura&amp;nominativo= &nbsp;","protected":false},"author":4,"featured_media":0,"parent":583,"menu_order":0,"comment_status":"closed","ping_status":"closed","template":"","meta":{"footnotes":""},"class_list":["post-630","page","type-page","status-publish","hentry"],"_links":{"self":[{"href":"https:\/\/iicalgeri.esteri.it\/it\/wp-json\/wp\/v2\/pages\/630","targetHints":{"allow":["GET"]}}],"collection":[{"href":"https:\/\/iicalgeri.esteri.it\/it\/wp-json\/wp\/v2\/pages"}],"about":[{"href":"https:\/\/iicalgeri.esteri.it\/it\/wp-json\/wp\/v2\/types\/page"}],"author":[{"embeddable":true,"href":"https:\/\/iicalgeri.esteri.it\/it\/wp-json\/wp\/v2\/users\/4"}],"replies":[{"embeddable":true,"href":"https:\/\/iicalgeri.esteri.it\/it\/wp-json\/wp\/v2\/comments?post=630"}],"version-history":[{"count":1,"href":"https:\/\/iicalgeri.esteri.it\/it\/wp-json\/wp\/v2\/pages\/630\/revisions"}],"predecessor-version":[{"id":631,"href":"https:\/\/iicalgeri.esteri.it\/it\/wp-json\/wp\/v2\/pages\/630\/revisions\/631"}],"up":[{"embeddable":true,"href":"https:\/\/iicalgeri.esteri.it\/it\/wp-json\/wp\/v2\/pages\/583"}],"wp:attachment":[{"href":"https:\/\/iicalgeri.esteri.it\/it\/wp-json\/wp\/v2\/media?parent=630"}],"curies":[{"name":"wp","href":"https:\/\/api.w.org\/{rel}","templated":true}]}}

Dichiarazioni di insussistenza di cause di inconferibilità e incompatibilità (D.lgs n. 39 del 2013, art. 20)

<p><strong>Dichiarazioni di insussistenza di cause di inconferibilità e incompatibilità (D.lgs n. 39 del 2013, art. 20)</strong></p>
<p>2022-02-17</p>
<p>&nbsp;</p>
<p>Maeci</p>
<p>Le Dichiarazioni di insussistenza di cause di inconferibilità e incompatibilità sottoscritte dalla Direttrice dell&#8217;Istituto Italiano di Cultura di Algeri, dott.ssa Antonia Grande,</p>
<p>sono pubblicate al seguente link : <a href="https://www.esteri.it/it/trasparenza_comunicazioni_legali/personale/informazioni_dirigenti/dichiarazioni_sostitutive_e_acquisizione_ufficio_dei_dati/?lang=it&amp;anno_ref=2021&amp;sede=Istituti+di+Cultura&amp;nominativo=">https://www.esteri.it/it/trasparenza_comunicazioni_legali/personale/informazioni_dirigenti/dichiarazioni_sostitutive_e_acquisizione_ufficio_dei_dati/?lang=it&amp;anno_ref=2021&amp;sede=Istituti+di+Cultura&amp;nominativo=</a></p>
<p>&nbsp;</p>

Dichiarazioni di insussistenza di cause di inconferibilità e incompatibilità (D.lgs n. 39 del 2013, art. 20) 2022-02-17 &nbsp; Maeci Le Dichiarazioni di insussistenza di cause di inconferibilità e incompatibilità sottoscritte dalla Direttrice dell&#8217;Istituto Italiano di Cultura di Algeri, dott.ssa Antonia Grande, sono pubblicate al seguente link : https://www.esteri.it/it/trasparenza_comunicazioni_legali/personale/informazioni_dirigenti/dichiarazioni_sostitutive_e_acquisizione_ufficio_dei_dati/?lang=it&amp;anno_ref=2021&amp;sede=Istituti+di+Cultura&amp;nominativo= &nbsp;
