{"id":294,"date":"2023-07-16T10:39:39","date_gmt":"2023-07-16T09:39:39","guid":{"rendered":"https:\/\/iicalgeri.esteri.it\/?page_id=294"},"modified":"2023-07-16T10:39:39","modified_gmt":"2023-07-16T09:39:39","slug":"2022-2","status":"publish","type":"page","link":"https:\/\/iicalgeri.esteri.it\/it\/chi-siamo\/la-sede\/sala-stampa\/2022-2\/","title":{"rendered":"2022"},"content":{"rendered":"<p><strong>L&#8217;EXPRESSION<\/strong>\u00a0&#8211;\u00a0<a href=\"https:\/\/www.lexpression.dz\/culture\/revue-de-quatre-films-documentaires-363825\">Revue de quatre films documentaires dans le cadre du 2\u00e8me Festival International du Film Documentaire (RIF-DOC)<\/a>\u00a0&#8211; 12.12.2022<\/p>\n<p><strong>LE REDACTEUR<\/strong>\u00a0&#8211;\u00a0<a href=\"https:\/\/www.leredacteur.dz\/festival-international-du-film-documentaire-sidi-mhamed-benaouda-litalie-invite-dhonneur-a-relizane\/\">La II \u00e9dition du Festival International du Film Documentaire \u00ab Sidi M\u2019Hamed Benaouda \u00bb<\/a>\u00a0&#8211; 23.11.2022<\/p>\n<p><strong>CCINICE<\/strong>\u00a0&#8211;\u00a0<a href=\"https:\/\/ccinice.org\/vii-semaine-de-la-cuisine-italienne-dans-le-monde-les-initiatives-prevues-a-partir-du-lundi-14-novembre\/\">Semaine de la Cuisine Italienne dans le Monde\u00a0<\/a>&#8211; 14.11.2022<\/p>\n<p><strong>LA PATRIE NEWS<\/strong>\u00a0&#8211;\u00a0<a href=\"https:\/\/lapatrienews.dz\/du-17-au-22-octobre-semaine-de-la-langue-italienne-a-alger\/\">XXII Semaine de la langue italienne dans le monde<\/a>\u00a0&#8211; 17.10.2022<\/p>\n<p><strong>LE JOUR D&#8217;ALGERIE &#8211;\u00a0<\/strong><a href=\"https:\/\/lejourdalgerie.com\/festival-international-de-musique-symphonique-dalger-des-prestations-tres-applaudies-en-cloture\/\">XII\u00e8me \u00e9dition du Festival Culturel International de Musique Symphonique<\/a>\u00a0&#8211; 15.10.2022<\/p>\n<p><strong>L&#8217;EXPRESSION &#8211;\u00a0<\/strong><a href=\"https:\/\/www.lexpression.dz\/culture\/univers-olivetti-la-communaute-comme-utopie-358608\">Visites guid\u00e9es de l&#8217;Exposition &#8220;Univers Olivetti&#8221;\u00a0<\/a><strong>&#8211;<\/strong>\u00a021.07.2022<\/p>\n<p><strong>APS<\/strong>\u00a0&#8211;\u00a0<a href=\"https:\/\/www.aps.dz\/culture\/142914-une-exposition-sur-le-patrimoine-architectural-italien-inauguree-a-alger\">Exposition &#8220;Univers Olivetti. La communaut\u00e9 comme utopie&#8221;<\/a>\u00a0&#8211; 17.07.2022<\/p>\n<p><strong>L&#8217;ECHO D&#8217;ALGERIE<\/strong>\u00a0&#8211;\u00a0<a href=\"https:\/\/www.lechodalgerie.dz\/22e-festival-culturel-europeen-litalie-et-la-france-a-lhonneur\/\">Festival Europ\u00e9en 2022 &#8211; Spectacle &#8220;No Filter&#8221; de Karima\u00a0<\/a>\u2013 Alger &#8211; 26.06.2022<\/p>\n<p><strong>HORIZONS<\/strong>\u00a0&#8211;\u00a0<a href=\"https:\/\/www.horizons.dz\/vie-edition-de-la-journee-du-design-italien-expositions-et-conferences\/\">VI \u00e8me \u00c9dition de la Journ\u00e9e du Design Italien<\/a>\u00a0&#8211; 15.06.2022<\/p>\n<p><strong>EL WATAN<\/strong>\u00a0&#8211;<a href=\"https:\/\/elwatan-dz.com\/le-groupe-radiodervish-a-la-salle-ibn-khaldoun-a-alger-pour-shireen-abu-akleh-ghaza-et-jerusalem\">\u00a0Concert de RadiodervishConcert de Radiodervish<\/a>\u00a0&#8211; 05.06.2022<\/p>\n<p><strong>EL WATAN<\/strong>\u00a0&#8211;\u00a0<a href=\"https:\/\/elwatan-dz.com\/17e-edition-du-festival-dimajazz-litalie-invite-dhonneur\">Participation de l\u2019Italie comme invit\u00e9 d\u2019honneur au festival Dimajazz<\/a>\u00a0&#8211; 13.05.2022<\/p>\n<p><strong>EL MOUDJAHID<\/strong>\u00a0&#8211;<a href=\"https:\/\/www.elmoudjahid.dz\/fr\/culture\/l-impact-du-periple-italien-sur-les-ecrits-de-miguel-de-cervantes-les-bases-du-roman-moderne-181951\">\u00a0Nuits du Ramadan \u00ab Miguel de Cervantes et son parcours italien \u00bb Nuits du Ramadan \u00ab Miguel de Cervantes et son parcours italien \u00bb\u00a0<\/a>&#8211; 27.04.2022<\/p>\n<p><strong>LE REDACTEUR<\/strong>\u00a0&#8211;\u00a0<a href=\"https:\/\/www.leredacteur.dz\/cycle-de-films-italiens-a-alger-du-14-avril-au-12-mai\/\">Nuits de Ramadan &#8211; Il Giovane Favoloso<\/a>\u00a0&#8211; 21.04.2022<\/p>\n<p><strong>VINY CULTURE<\/strong>\u00a0&#8211;\u00a0<a href=\"https:\/\/iicalgeri.esteri.it\/iic_algeri\/-%20https:\/vinyculture.dz\/blog\/cycle-films-italiens-alger-14-avril-12-mai-2022\/\">Cycle de films italiens \u00e0 Alger du 14 avril au 12 mai<\/a>\u00a0&#8211; 14.04.2022<\/p>\n<p><strong>EL WATAN<\/strong>\u00a0&#8211;<a href=\"https:\/\/elwatan-dz.com\/25e-edition-du-salon-international-du-livre-dalger-de-nouvelles-mesures-apportees\">\u00a025\u00e8me \u00e9dition du Salon International du Livre d\u2019Alger (SILA) 25\u00e8me \u00e9dition du Salon International du Livre d\u2019Alger (SILA)\u00a0<\/a>&#8211; 24.03.2022<\/p>\n<p><strong>EL WATAN<\/strong>\u00a0&#8211;\u00a0<a href=\"https:\/\/elwatan-dz.com\/fuocoammare-de-gianfranco-rosi-sur-les-migrants-projete-a-alger-les-enfants-de-la-mer-morte-vivante?fbclid=IwAR1I_aZZDwm6Qgt6koyHfcbXq200bE5sseiBza_nUqO_4YRm1MggImFoAhc\">Fuocoammare de Gianfranco Rosi, sur les migrants, projet\u00e9 \u00e0 Alger : Les enfants de la mer \u00abmorte\u2026 vivante\u00bb<\/a>\u00a0&#8211; 26.02.2022<\/p>\n<p><strong>APS<\/strong>\u00a0&#8211;\u00a0<a href=\"https:\/\/www.aps.dz\/culture\/137372-la-chanteuse-italienne-tosca-subjugue-le-public-algerois\">La chanteuse italienne Tosca subjugue le public alg\u00e9rois<\/a>\u00a0&#8211; 20.03.2022<\/p>\n","protected":false},"excerpt":{"rendered":"L&#8217;EXPRESSION\u00a0&#8211;\u00a0Revue de quatre films documentaires dans le cadre du 2\u00e8me Festival International du Film Documentaire (RIF-DOC)\u00a0&#8211; 12.12.2022 LE REDACTEUR\u00a0&#8211;\u00a0La II \u00e9dition du Festival International du Film Documentaire \u00ab Sidi M\u2019Hamed Benaouda \u00bb\u00a0&#8211; 23.11.2022 CCINICE\u00a0&#8211;\u00a0Semaine de la Cuisine Italienne dans le Monde\u00a0&#8211; 14.11.2022 LA PATRIE NEWS\u00a0&#8211;\u00a0XXII Semaine de la langue italienne dans le monde\u00a0&#8211; 17.10.2022 LE [&hellip;]","protected":false},"author":6,"featured_media":0,"parent":274,"menu_order":0,"comment_status":"closed","ping_status":"closed","template":"","meta":{"footnotes":""},"class_list":["post-294","page","type-page","status-publish","hentry"],"_links":{"self":[{"href":"https:\/\/iicalgeri.esteri.it\/it\/wp-json\/wp\/v2\/pages\/294","targetHints":{"allow":["GET"]}}],"collection":[{"href":"https:\/\/iicalgeri.esteri.it\/it\/wp-json\/wp\/v2\/pages"}],"about":[{"href":"https:\/\/iicalgeri.esteri.it\/it\/wp-json\/wp\/v2\/types\/page"}],"author":[{"embeddable":true,"href":"https:\/\/iicalgeri.esteri.it\/it\/wp-json\/wp\/v2\/users\/6"}],"replies":[{"embeddable":true,"href":"https:\/\/iicalgeri.esteri.it\/it\/wp-json\/wp\/v2\/comments?post=294"}],"version-history":[{"count":1,"href":"https:\/\/iicalgeri.esteri.it\/it\/wp-json\/wp\/v2\/pages\/294\/revisions"}],"predecessor-version":[{"id":295,"href":"https:\/\/iicalgeri.esteri.it\/it\/wp-json\/wp\/v2\/pages\/294\/revisions\/295"}],"up":[{"embeddable":true,"href":"https:\/\/iicalgeri.esteri.it\/it\/wp-json\/wp\/v2\/pages\/274"}],"wp:attachment":[{"href":"https:\/\/iicalgeri.esteri.it\/it\/wp-json\/wp\/v2\/media?parent=294"}],"curies":[{"name":"wp","href":"https:\/\/api.w.org\/{rel}","templated":true}]}}

<p><strong>L&#8217;EXPRESSION</strong> &#8211; <a href="https://www.lexpression.dz/culture/revue-de-quatre-films-documentaires-363825">Revue de quatre films documentaires dans le cadre du 2ème Festival International du Film Documentaire (RIF-DOC)</a> &#8211; 12.12.2022</p>
<p><strong>LE REDACTEUR</strong> &#8211; <a href="https://www.leredacteur.dz/festival-international-du-film-documentaire-sidi-mhamed-benaouda-litalie-invite-dhonneur-a-relizane/">La II édition du Festival International du Film Documentaire « Sidi M’Hamed Benaouda »</a> &#8211; 23.11.2022</p>
<p><strong>CCINICE</strong> &#8211; <a href="https://ccinice.org/vii-semaine-de-la-cuisine-italienne-dans-le-monde-les-initiatives-prevues-a-partir-du-lundi-14-novembre/">Semaine de la Cuisine Italienne dans le Monde </a>&#8211; 14.11.2022</p>
<p><strong>LA PATRIE NEWS</strong> &#8211; <a href="https://lapatrienews.dz/du-17-au-22-octobre-semaine-de-la-langue-italienne-a-alger/">XXII Semaine de la langue italienne dans le monde</a> &#8211; 17.10.2022</p>
<p><strong>LE JOUR D&#8217;ALGERIE &#8211; </strong><a href="https://lejourdalgerie.com/festival-international-de-musique-symphonique-dalger-des-prestations-tres-applaudies-en-cloture/">XIIème édition du Festival Culturel International de Musique Symphonique</a> &#8211; 15.10.2022</p>
<p><strong>L&#8217;EXPRESSION &#8211; </strong><a href="https://www.lexpression.dz/culture/univers-olivetti-la-communaute-comme-utopie-358608">Visites guidées de l&#8217;Exposition &#8220;Univers Olivetti&#8221; </a><strong>&#8211;</strong> 21.07.2022</p>
<p><strong>APS</strong> &#8211; <a href="https://www.aps.dz/culture/142914-une-exposition-sur-le-patrimoine-architectural-italien-inauguree-a-alger">Exposition &#8220;Univers Olivetti. La communauté comme utopie&#8221;</a> &#8211; 17.07.2022</p>
<p><strong>L&#8217;ECHO D&#8217;ALGERIE</strong> &#8211; <a href="https://www.lechodalgerie.dz/22e-festival-culturel-europeen-litalie-et-la-france-a-lhonneur/">Festival Européen 2022 &#8211; Spectacle &#8220;No Filter&#8221; de Karima </a>– Alger &#8211; 26.06.2022</p>
<p><strong>HORIZONS</strong> &#8211; <a href="https://www.horizons.dz/vie-edition-de-la-journee-du-design-italien-expositions-et-conferences/">VI ème Édition de la Journée du Design Italien</a> &#8211; 15.06.2022</p>
<p><strong>EL WATAN</strong> &#8211;<a href="https://elwatan-dz.com/le-groupe-radiodervish-a-la-salle-ibn-khaldoun-a-alger-pour-shireen-abu-akleh-ghaza-et-jerusalem"> Concert de RadiodervishConcert de Radiodervish</a> &#8211; 05.06.2022</p>
<p><strong>EL WATAN</strong> &#8211; <a href="https://elwatan-dz.com/17e-edition-du-festival-dimajazz-litalie-invite-dhonneur">Participation de l’Italie comme invité d’honneur au festival Dimajazz</a> &#8211; 13.05.2022</p>
<p><strong>EL MOUDJAHID</strong> &#8211;<a href="https://www.elmoudjahid.dz/fr/culture/l-impact-du-periple-italien-sur-les-ecrits-de-miguel-de-cervantes-les-bases-du-roman-moderne-181951"> Nuits du Ramadan « Miguel de Cervantes et son parcours italien » Nuits du Ramadan « Miguel de Cervantes et son parcours italien » </a>&#8211; 27.04.2022</p>
<p><strong>LE REDACTEUR</strong> &#8211; <a href="https://www.leredacteur.dz/cycle-de-films-italiens-a-alger-du-14-avril-au-12-mai/">Nuits de Ramadan &#8211; Il Giovane Favoloso</a> &#8211; 21.04.2022</p>
<p><strong>VINY CULTURE</strong> &#8211; <a href="https://iicalgeri.esteri.it/iic_algeri/-%20https:/vinyculture.dz/blog/cycle-films-italiens-alger-14-avril-12-mai-2022/">Cycle de films italiens à Alger du 14 avril au 12 mai</a> &#8211; 14.04.2022</p>
<p><strong>EL WATAN</strong> &#8211;<a href="https://elwatan-dz.com/25e-edition-du-salon-international-du-livre-dalger-de-nouvelles-mesures-apportees"> 25ème édition du Salon International du Livre d’Alger (SILA) 25ème édition du Salon International du Livre d’Alger (SILA) </a>&#8211; 24.03.2022</p>
<p><strong>EL WATAN</strong> &#8211; <a href="https://elwatan-dz.com/fuocoammare-de-gianfranco-rosi-sur-les-migrants-projete-a-alger-les-enfants-de-la-mer-morte-vivante?fbclid=IwAR1I_aZZDwm6Qgt6koyHfcbXq200bE5sseiBza_nUqO_4YRm1MggImFoAhc">Fuocoammare de Gianfranco Rosi, sur les migrants, projeté à Alger : Les enfants de la mer «morte… vivante»</a> &#8211; 26.02.2022</p>
<p><strong>APS</strong> &#8211; <a href="https://www.aps.dz/culture/137372-la-chanteuse-italienne-tosca-subjugue-le-public-algerois">La chanteuse italienne Tosca subjugue le public algérois</a> &#8211; 20.03.2022</p>

L&#8217;EXPRESSION &#8211; Revue de quatre films documentaires dans le cadre du 2ème Festival International du Film Documentaire (RIF-DOC) &#8211; 12.12.2022 LE REDACTEUR &#8211; La II édition du Festival International du Film Documentaire « Sidi M’Hamed Benaouda » &#8211; 23.11.2022 CCINICE &#8211; Semaine de la Cuisine Italienne dans le Monde &#8211; 14.11.2022 LA PATRIE NEWS &#8211; XXII Semaine de la langue italienne dans le monde &#8211; 17.10.2022 LE [&hellip;]
