{"id":291,"date":"2023-07-16T10:32:32","date_gmt":"2023-07-16T09:32:32","guid":{"rendered":"https:\/\/iicalgeri.esteri.it\/?page_id=291"},"modified":"2023-07-16T10:32:32","modified_gmt":"2023-07-16T09:32:32","slug":"2021-2","status":"publish","type":"page","link":"https:\/\/iicalgeri.esteri.it\/it\/chi-siamo\/la-sede\/sala-stampa\/2021-2\/","title":{"rendered":"2021"},"content":{"rendered":"<p><strong>EL MOUDJAHID<\/strong>\u00a0&#8211;\u00a0<a href=\"https:\/\/www.elmoudjahid.dz\/fr\/culture\/institut-culturel-italien-trash-sensibilise-sur-le-recyclage-176061\">L\u2019exposition et le film &#8220;Trash&#8221; \u00e0 Alger<\/a>\u00a0&#8211; 14.12.2021<\/p>\n<p><strong>APS<\/strong>\u00a0&#8211;\u00a0<a href=\"https:\/\/www.aps.dz\/culture\/140917-une-exposition-de-photos-d-artistes-italiens-inauguree-a-alger\">Journ\u00e9e du Contemporain &#8211; Pr\u00e9sentation du projet : EYES ON TOMORROW. JEUNE PHOTOGRAPHIE ITALIENNE DANS LE MONDE\u00a0<\/a>&#8211; 10.12.2021<\/p>\n<p><strong>EL MOUDJAHID<\/strong>\u00a0&#8211;\u00a0\u00a0<a href=\"https:\/\/www.elmoudjahid.dz\/fr\/culture\/portes-ouvertes-a-l-institut-culturel-italien-au-bonheur-des-amoureux-de-la-langue-de-verdi-175646\">Journ\u00e9e Portes Ouvertes<\/a>\u00a0&#8211; 05.12.2021<\/p>\n<p><strong>EL MOUDJAHID<\/strong>\u00a0&#8211;\u00a0<a href=\"https:\/\/www.elmoudjahid.dz\/fr\/culture\/semaine-de-la-cuisine-italienne-dans-le-monde-quand-le-pain-de-toni-fait-sa-star-175355\">Semaine de la Cuisine Italienne dans le Monde Masterclass : le panettone nous \u00e9tonne!<\/a>\u00a0&#8211; 28.11.2021<\/p>\n<p><strong>APS<\/strong>\u00a0&#8211;\u00a0<a href=\"https:\/\/www.aps.dz\/culture\/130248-rencontre-sur-les-opportunites-de-collaboration-algero-italienne-dans-la-protection-et-la-restauration-des-biens-culturels\">Les opportunit\u00e9s de collaboration alg\u00e9ro-italiennes dans la tutelle et la restauration des biens culturels<\/a>\u00a0&#8211; 08.11.2021<\/p>\n<p><strong>24HDZ<\/strong>\u00a0&#8211;\u00a0<a href=\"https:\/\/www.24hdz.com\/cinema-journees-film-europeen-alger-4-novembre\/\">Les Journ\u00e9es du Film Europ\u00e9en<\/a>\u00a0&#8211; 04.11.2021<\/p>\n<p><strong>APS<\/strong>\u00a0&#8211;\u00a0<a href=\"https:\/\/www.aps.dz\/culture\/146084-la-semaine-de-la-langue-italienne-dans-le-monde-en-octobre-a-alger\">La &#8220;Semaine de la langue italienne dans le monde&#8221; en octobre \u00e0 Alger<\/a>\u00a0&#8211; 18.10.2021<\/p>\n<p><strong>EL MOUDJAHID<\/strong>\u00a0&#8211;\u00a0<a href=\"https:\/\/www.elmoudjahid.dz\/fr\/l-evenement\/protection-des-refugies-une-tradition-humanitaire-16008\">Protection des r\u00e9fugi\u00e9s : Une tradition humanitaire<\/a>\u00a0&#8211; 04.10.2021<\/p>\n<p><strong>EU NEIGHBOURS SOUTH<\/strong>\u00a0&#8211;\u00a0<a href=\"https:\/\/south.euneighbours.eu\/fr\/opportunity\/appel-candidature-pour-la-3eme-residence-photographique-regards\/\">Appel \u00e0 candidature pour la 3\u00e8me R\u00e9sidence Photographique : Regards Crois\u00e9s \u2013 Bousaada 2021<\/a>\u00a0&#8211; 26.09.2021<\/p>\n<p><strong>LIBERTE<\/strong>\u00a0&#8211;\u00a0<a href=\"https:\/\/www.liberte-algerie.com\/culture\/rencontre-avec-samir-toumi-selma-hellal-et-giulia-beatrice-365691\">Rencontre avec Samir Toumi, Selma Hellal et Giulia Beatrice<\/a>\u00a0&#8211; 27.09.2021<\/p>\n<p><strong>ACTUALITTE<\/strong>\u00a0&#8211;\u00a0<a href=\"https:\/\/actualitte.com\/article\/102386\/international\/de-l-italien-au-monde-le-salon-de-turin-pour-la-traduction\">De l&#8217;italien au monde : le Salon de Turin pour la traduction<\/a>\u00a0&#8211; 24.09.2021<\/p>\n<p><strong>LIBERTE<\/strong>\u00a0&#8211;\u00a0<a href=\"https:\/\/www.djazairess.com\/fr\/liberte\/464716\">Des experts europ\u00e9ens en formateurs\u00a0&#8220;Jil Cilima&#8221;, les premi\u00e8res rencontres de critique cin\u00e9ma en Alg\u00e9rie&#8221;Jil Cilima&#8221;, les premi\u00e8res rencontres de critique cin\u00e9ma en Alg\u00e9rie<\/a>\u00a0&#8211; 11.09.2023<\/p>\n<p><strong>ITALIAFESTIVAL<\/strong>\u00a0&#8211;\u00a0<a href=\"https:\/\/www.italiafestival.tv\/en\/2021\/07\/22\/dun-immortale-amor-macerata-opera-festival\/\">D\u2019UN IMMORTALE AMOR \u2013 MACERATA OPERA FESTIVAL<\/a>\u00a0&#8211; 04.08.2021<\/p>\n<p><strong>MUSEOSCALA<\/strong>\u00a0&#8211;\u00a0<a href=\"https:\/\/www.museoscala.org\/en\/events-and-exhibitions\/exhibitions\/past-exhibitions\/tre-tenori\/\">Caruso, Corelli, Di Stefano \u2013 Italian Opera Legends<\/a>\u00a0&#8211; 02.08.2021<\/p>\n<p><strong>FRANDROID<\/strong>\u00a0&#8211;\u00a0<a href=\"https:\/\/www.frandroid.com\/android\/applications\/1004705_pour-relancer-le-tourisme-litalie-lance-un-jeu-mobile\">Pour relancer le tourisme, l\u2019Italie tente un jeu mobile<\/a>\u00a0&#8211; 19.07.2021<\/p>\n<p><strong>L&#8217;EXPRESSION<\/strong>\u00a0&#8211;\u00a0<a href=\"https:\/\/www.lexpressiondz.com\/culture\/promouvoir-le-mad-in-italy-346179\">5e journ\u00e9e mondiale du design italien \u00e0 Alger-Promouvoir le made in Italy!Promouvoir le made in Italy!<\/a>\u00a0&#8211; 14.07.2021<\/p>\n<p><strong>LIBERTE<\/strong>\u00a0&#8211;\u00a0<a href=\"https:\/\/www.liberte-algerie.com\/culture\/un-pilier-important-de-diversification-economique-361898\">Un pilier important de diversification \u00e9conomique<\/a>\u00a0&#8211; 14.07.2021<\/p>\n<p><strong>EL WATAN<\/strong>\u00a0&#8211;\u00a0<a href=\"https:\/\/www.elwatan.com\/edition\/culture\/sous-le-signe-de-lamitie-algero-europeenne-22-06-2021\">21e Festival europ\u00e9en \u00e0 Alger : Sous le signe de l\u2019amiti\u00e9 alg\u00e9ro-europ\u00e9enne<\/a>\u00a0&#8211; 22.06.2021<\/p>\n<p><strong>L&#8217;EXPRESSION<\/strong>\u00a0&#8211;\u00a0<a href=\"https:\/\/www.lexpression.dz\/index.php\/culture\/hommage-a-federico-fellini-344797\">Hommage \u00e0 Fellini<\/a>\u00a0&#8211; 06.06.2021<\/p>\n<p><strong>LE JOUR D&#8217;ALGERIE<\/strong>\u00a0&#8211;\u00a0<a href=\"https:\/\/lejourdalgerie.com\/institut-culturel-italien-un-hommage-sera-rendu-a-federico-fellini\/\">Institut culturel italien : Un hommage sera rendu \u00e0 Federico Fellini<\/a>\u00a0&#8211; 05.06.2021<\/p>\n<p><strong>EL MOUDJAHID<\/strong>\u00a0&#8211;\u00a0<a href=\"https:\/\/www.elmoudjahid.com\/fr\/nation\/zone-rouge-dante-il-nostro-inviato-spaziale-10450\">Zone Rouge, Dante : il nostro inviato spaziale ?<\/a>\u00a0&#8211; 02.06.2021<\/p>\n<p><strong>EL MOUDJAHID<\/strong>\u00a0&#8211;\u00a0<a href=\"https:\/\/www.elmoudjahid.com\/fr\/culture\/12e-edition-des-rencontres-euromaghrebines-des-ecrivains-poesie-et-litterature-en-temps-de-pandemie-5858\">12e \u00e9dition des Rencontres euromaghr\u00e9bines des \u00e9crivains : Po\u00e9sie et litt\u00e9rature en temps de pand\u00e9mie<\/a>\u00a0&#8211; 19.02.2021<\/p>\n<p><strong>EL WATAN<\/strong>\u00a0&#8211;\u00a0<a href=\"https:\/\/www.elwatan.com\/edition\/culture\/12emes-rencontres-euro-maghrebines-des-ecrivains-en-ligne-du-16-fevrier-au-16-mars-2021-15-02-2021\">12\u00e8mes Rencontres euro-maghr\u00e9bines des \u00e9crivains en ligne du 16 f\u00e9vrier au 16 mars 2021<\/a>\u00a0&#8211; 15.02.2021<\/p>\n<p><strong>APS<\/strong>\u00a0&#8211;\u00a0<a href=\"https:\/\/www.aps.dz\/culture\/117574-les-12e-rencontres-euro-maghrebines-des-ecrivains-en-version-virtuelle-a-partir-de-mardi\">Les 12e rencontres euro-maghr\u00e9bines des \u00e9crivains \u00e0 partir de mardi<\/a>\u00a0&#8211; 14-02-2021<\/p>\n","protected":false},"excerpt":{"rendered":"EL MOUDJAHID\u00a0&#8211;\u00a0L\u2019exposition et le film &#8220;Trash&#8221; \u00e0 Alger\u00a0&#8211; 14.12.2021 APS\u00a0&#8211;\u00a0Journ\u00e9e du Contemporain &#8211; Pr\u00e9sentation du projet : EYES ON TOMORROW. JEUNE PHOTOGRAPHIE ITALIENNE DANS LE MONDE\u00a0&#8211; 10.12.2021 EL MOUDJAHID\u00a0&#8211;\u00a0\u00a0Journ\u00e9e Portes Ouvertes\u00a0&#8211; 05.12.2021 EL MOUDJAHID\u00a0&#8211;\u00a0Semaine de la Cuisine Italienne dans le Monde Masterclass : le panettone nous \u00e9tonne!\u00a0&#8211; 28.11.2021 APS\u00a0&#8211;\u00a0Les opportunit\u00e9s de collaboration alg\u00e9ro-italiennes dans la [&hellip;]","protected":false},"author":6,"featured_media":0,"parent":274,"menu_order":0,"comment_status":"closed","ping_status":"closed","template":"","meta":{"footnotes":""},"class_list":["post-291","page","type-page","status-publish","hentry"],"_links":{"self":[{"href":"https:\/\/iicalgeri.esteri.it\/it\/wp-json\/wp\/v2\/pages\/291","targetHints":{"allow":["GET"]}}],"collection":[{"href":"https:\/\/iicalgeri.esteri.it\/it\/wp-json\/wp\/v2\/pages"}],"about":[{"href":"https:\/\/iicalgeri.esteri.it\/it\/wp-json\/wp\/v2\/types\/page"}],"author":[{"embeddable":true,"href":"https:\/\/iicalgeri.esteri.it\/it\/wp-json\/wp\/v2\/users\/6"}],"replies":[{"embeddable":true,"href":"https:\/\/iicalgeri.esteri.it\/it\/wp-json\/wp\/v2\/comments?post=291"}],"version-history":[{"count":1,"href":"https:\/\/iicalgeri.esteri.it\/it\/wp-json\/wp\/v2\/pages\/291\/revisions"}],"predecessor-version":[{"id":292,"href":"https:\/\/iicalgeri.esteri.it\/it\/wp-json\/wp\/v2\/pages\/291\/revisions\/292"}],"up":[{"embeddable":true,"href":"https:\/\/iicalgeri.esteri.it\/it\/wp-json\/wp\/v2\/pages\/274"}],"wp:attachment":[{"href":"https:\/\/iicalgeri.esteri.it\/it\/wp-json\/wp\/v2\/media?parent=291"}],"curies":[{"name":"wp","href":"https:\/\/api.w.org\/{rel}","templated":true}]}}

<p><strong>EL MOUDJAHID</strong> &#8211; <a href="https://www.elmoudjahid.dz/fr/culture/institut-culturel-italien-trash-sensibilise-sur-le-recyclage-176061">L’exposition et le film &#8220;Trash&#8221; à Alger</a> &#8211; 14.12.2021</p>
<p><strong>APS</strong> &#8211; <a href="https://www.aps.dz/culture/140917-une-exposition-de-photos-d-artistes-italiens-inauguree-a-alger">Journée du Contemporain &#8211; Présentation du projet : EYES ON TOMORROW. JEUNE PHOTOGRAPHIE ITALIENNE DANS LE MONDE </a>&#8211; 10.12.2021</p>
<p><strong>EL MOUDJAHID</strong> &#8211;  <a href="https://www.elmoudjahid.dz/fr/culture/portes-ouvertes-a-l-institut-culturel-italien-au-bonheur-des-amoureux-de-la-langue-de-verdi-175646">Journée Portes Ouvertes</a> &#8211; 05.12.2021</p>
<p><strong>EL MOUDJAHID</strong> &#8211; <a href="https://www.elmoudjahid.dz/fr/culture/semaine-de-la-cuisine-italienne-dans-le-monde-quand-le-pain-de-toni-fait-sa-star-175355">Semaine de la Cuisine Italienne dans le Monde Masterclass : le panettone nous étonne!</a> &#8211; 28.11.2021</p>
<p><strong>APS</strong> &#8211; <a href="https://www.aps.dz/culture/130248-rencontre-sur-les-opportunites-de-collaboration-algero-italienne-dans-la-protection-et-la-restauration-des-biens-culturels">Les opportunités de collaboration algéro-italiennes dans la tutelle et la restauration des biens culturels</a> &#8211; 08.11.2021</p>
<p><strong>24HDZ</strong> &#8211; <a href="https://www.24hdz.com/cinema-journees-film-europeen-alger-4-novembre/">Les Journées du Film Européen</a> &#8211; 04.11.2021</p>
<p><strong>APS</strong> &#8211; <a href="https://www.aps.dz/culture/146084-la-semaine-de-la-langue-italienne-dans-le-monde-en-octobre-a-alger">La &#8220;Semaine de la langue italienne dans le monde&#8221; en octobre à Alger</a> &#8211; 18.10.2021</p>
<p><strong>EL MOUDJAHID</strong> &#8211; <a href="https://www.elmoudjahid.dz/fr/l-evenement/protection-des-refugies-une-tradition-humanitaire-16008">Protection des réfugiés : Une tradition humanitaire</a> &#8211; 04.10.2021</p>
<p><strong>EU NEIGHBOURS SOUTH</strong> &#8211; <a href="https://south.euneighbours.eu/fr/opportunity/appel-candidature-pour-la-3eme-residence-photographique-regards/">Appel à candidature pour la 3ème Résidence Photographique : Regards Croisés – Bousaada 2021</a> &#8211; 26.09.2021</p>
<p><strong>LIBERTE</strong> &#8211; <a href="https://www.liberte-algerie.com/culture/rencontre-avec-samir-toumi-selma-hellal-et-giulia-beatrice-365691">Rencontre avec Samir Toumi, Selma Hellal et Giulia Beatrice</a> &#8211; 27.09.2021</p>
<p><strong>ACTUALITTE</strong> &#8211; <a href="https://actualitte.com/article/102386/international/de-l-italien-au-monde-le-salon-de-turin-pour-la-traduction">De l&#8217;italien au monde : le Salon de Turin pour la traduction</a> &#8211; 24.09.2021</p>
<p><strong>LIBERTE</strong> &#8211; <a href="https://www.djazairess.com/fr/liberte/464716">Des experts européens en formateurs &#8220;Jil Cilima&#8221;, les premières rencontres de critique cinéma en Algérie&#8221;Jil Cilima&#8221;, les premières rencontres de critique cinéma en Algérie</a> &#8211; 11.09.2023</p>
<p><strong>ITALIAFESTIVAL</strong> &#8211; <a href="https://www.italiafestival.tv/en/2021/07/22/dun-immortale-amor-macerata-opera-festival/">D’UN IMMORTALE AMOR – MACERATA OPERA FESTIVAL</a> &#8211; 04.08.2021</p>
<p><strong>MUSEOSCALA</strong> &#8211; <a href="https://www.museoscala.org/en/events-and-exhibitions/exhibitions/past-exhibitions/tre-tenori/">Caruso, Corelli, Di Stefano – Italian Opera Legends</a> &#8211; 02.08.2021</p>
<p><strong>FRANDROID</strong> &#8211; <a href="https://www.frandroid.com/android/applications/1004705_pour-relancer-le-tourisme-litalie-lance-un-jeu-mobile">Pour relancer le tourisme, l’Italie tente un jeu mobile</a> &#8211; 19.07.2021</p>
<p><strong>L&#8217;EXPRESSION</strong> &#8211; <a href="https://www.lexpressiondz.com/culture/promouvoir-le-mad-in-italy-346179">5e journée mondiale du design italien à Alger-Promouvoir le made in Italy!Promouvoir le made in Italy!</a> &#8211; 14.07.2021</p>
<p><strong>LIBERTE</strong> &#8211; <a href="https://www.liberte-algerie.com/culture/un-pilier-important-de-diversification-economique-361898">Un pilier important de diversification économique</a> &#8211; 14.07.2021</p>
<p><strong>EL WATAN</strong> &#8211; <a href="https://www.elwatan.com/edition/culture/sous-le-signe-de-lamitie-algero-europeenne-22-06-2021">21e Festival européen à Alger : Sous le signe de l’amitié algéro-européenne</a> &#8211; 22.06.2021</p>
<p><strong>L&#8217;EXPRESSION</strong> &#8211; <a href="https://www.lexpression.dz/index.php/culture/hommage-a-federico-fellini-344797">Hommage à Fellini</a> &#8211; 06.06.2021</p>
<p><strong>LE JOUR D&#8217;ALGERIE</strong> &#8211; <a href="https://lejourdalgerie.com/institut-culturel-italien-un-hommage-sera-rendu-a-federico-fellini/">Institut culturel italien : Un hommage sera rendu à Federico Fellini</a> &#8211; 05.06.2021</p>
<p><strong>EL MOUDJAHID</strong> &#8211; <a href="https://www.elmoudjahid.com/fr/nation/zone-rouge-dante-il-nostro-inviato-spaziale-10450">Zone Rouge, Dante : il nostro inviato spaziale ?</a> &#8211; 02.06.2021</p>
<p><strong>EL MOUDJAHID</strong> &#8211; <a href="https://www.elmoudjahid.com/fr/culture/12e-edition-des-rencontres-euromaghrebines-des-ecrivains-poesie-et-litterature-en-temps-de-pandemie-5858">12e édition des Rencontres euromaghrébines des écrivains : Poésie et littérature en temps de pandémie</a> &#8211; 19.02.2021</p>
<p><strong>EL WATAN</strong> &#8211; <a href="https://www.elwatan.com/edition/culture/12emes-rencontres-euro-maghrebines-des-ecrivains-en-ligne-du-16-fevrier-au-16-mars-2021-15-02-2021">12èmes Rencontres euro-maghrébines des écrivains en ligne du 16 février au 16 mars 2021</a> &#8211; 15.02.2021</p>
<p><strong>APS</strong> &#8211; <a href="https://www.aps.dz/culture/117574-les-12e-rencontres-euro-maghrebines-des-ecrivains-en-version-virtuelle-a-partir-de-mardi">Les 12e rencontres euro-maghrébines des écrivains à partir de mardi</a> &#8211; 14-02-2021</p>

EL MOUDJAHID &#8211; L’exposition et le film &#8220;Trash&#8221; à Alger &#8211; 14.12.2021 APS &#8211; Journée du Contemporain &#8211; Présentation du projet : EYES ON TOMORROW. JEUNE PHOTOGRAPHIE ITALIENNE DANS LE MONDE &#8211; 10.12.2021 EL MOUDJAHID &#8211;  Journée Portes Ouvertes &#8211; 05.12.2021 EL MOUDJAHID &#8211; Semaine de la Cuisine Italienne dans le Monde Masterclass : le panettone nous étonne! &#8211; 28.11.2021 APS &#8211; Les opportunités de collaboration algéro-italiennes dans la [&hellip;]
