{"id":289,"date":"2023-07-16T10:31:49","date_gmt":"2023-07-16T09:31:49","guid":{"rendered":"https:\/\/iicalgeri.esteri.it\/?page_id=289"},"modified":"2023-07-16T10:31:49","modified_gmt":"2023-07-16T09:31:49","slug":"2020-2","status":"publish","type":"page","link":"https:\/\/iicalgeri.esteri.it\/it\/chi-siamo\/la-sede\/sala-stampa\/2020-2\/","title":{"rendered":"2020"},"content":{"rendered":"<p><strong>Le Maghreb<\/strong>\u00a0&#8211;\u00a0<a href=\"https:\/\/www.lemaghrebdz.com\/?page=detail_actualite&amp;rubrique=Nation&amp;id=99647\">Selon Antontia Grande : L&#8217;Institut culturel italien d&#8217;Alger poursuit ses activit\u00e9s<\/a>\u00a0&#8211;\u00a0<strong>31.03.2020<\/strong><\/p>\n<p><strong>Dailymuslim<\/strong>\u00a0&#8211;\u00a0<a href=\"https:\/\/www.dailymuslim.it\/algeri-il-canto-libero-che-sfida-il-virus\/\">Algeri, il canto libero che sfida il virus<\/a>\u00a0&#8211;\u00a0<strong>12.03.2020<\/strong><\/p>\n<p><strong>Reporters<\/strong>\u00a0&#8211;\u00a0<a href=\"https:\/\/www.reporters.dz\/le-chant-libre-des-etoiles-mediterraneennes-le-10-mars-a-linstitut-culturel-italien-dalger-hommage-au-pouvoir-liberateur-des-voix-feminines\/\">\u00abLe chant libre des \u00e9toiles m\u00e9diterran\u00e9ennes\u00bb, le 10 mars \u00e0 l\u2019Institut culturel italien d\u2019Alger : Hommage au pouvoir lib\u00e9rateur des voix f\u00e9minines<\/a>\u00a0&#8211;\u00a0<strong>08.03.2020<\/strong><\/p>\n<p><strong>Le Midi<\/strong>\u00a0&#8211;\u00a0<a href=\"http:\/\/www.lemidi-dz.com\/index.php?operation=voir_article&amp;id_article=culture@art1@2020-03-04\">&#8220;Le chant libre des \u00e9toiles m\u00e9diterran\u00e9ennes<\/a>\u00a0&#8211;\u00a0<strong>04.03.2020<\/strong><\/p>\n<p><strong>El Moudjahid<\/strong>\u00a0&#8211;\u00a0<a href=\"http:\/\/www.elmoudjahid.com\/fr\/actualites\/149281\">Spectacle musical : \u00abLe chant libre des \u00e9toiles m\u00e9diterran\u00e9ennes\u00bb \u00e0 Alger<\/a>\u00a0&#8211;\u00a0<strong>04.03.2020<\/strong><\/p>\n<p><strong>Alg\u00e9rie62<\/strong>\u00a0&#8211;\u00a0<a href=\"https:\/\/www.algerie62.com\/cinema-italien-hommage-a-federico-fellini\/\">Cin\u00e9ma Italien: Hommage \u00e0 Federico Fellini<\/a>\u00a0&#8211;\u00a0<strong>30.09.2020<\/strong><\/p>\n<p><strong>L&#8217;Expression<\/strong>\u00a0&#8211;\u00a0<a href=\"http:\/\/www.lexpressiondz.com\/culture\/cycle-federico-fellini-335887\">Institut culturel italien &#8211; Cycle Federico Fellini<\/a>\u00a0&#8211;\u00a0<strong>05.10.2020<\/strong><\/p>\n<p><strong>Reporters<\/strong>\u00a0&#8211;\u00a0<a href=\"https:\/\/www.reporters.dz\/institut-culturel-italien-dalger-pour-celebrer-son-centenaire-une-retrospective-consacree-a-federico-fellini-des-aujourdhui\/\">Institut culturel italien d\u2019Alger : Pour c\u00e9l\u00e9brer son centenaire, une r\u00e9trospective consacr\u00e9e \u00e0 Federico Fellini d\u00e8s aujourd\u2019hui<\/a>\u00a0&#8211;\u00a0<strong>05.10.2020<\/strong><\/p>\n<p><strong>El Watan<\/strong>\u00a0&#8211;\u00a0<a href=\"https:\/\/www.elwatan.com\/edition\/culture\/institut-culturel-italien-retrospective-consacree-a-federico-fellini-06-10-2020\">Institut culturel italien : R\u00e9trospective consacr\u00e9e \u00e0 Federico Fellini<\/a>\u00a0&#8211;\u00a0<strong>06.10.2020<\/strong><\/p>\n<p><strong>Le Soir d&#8217;Alg\u00e9rie<\/strong>\u00a0&#8211;\u00a0<a href=\"https:\/\/www.lesoirdalgerie.com\/culture\/une-retrospective-fellini-a-loccasion-du-centenaire-du-cineaste-49306\">\u00a0Institut culturel italien d\u2019Alger Une r\u00e9trospective Fellini, \u00e0 l\u2019occasion du centenaire du cin\u00e9aste<\/a>\u00a0&#8211;\u00a0<strong>07.10.2020<\/strong><\/p>\n<p><strong>El Moudjahid<\/strong>\u00a0&#8211;\u00a0<a href=\"https:\/\/www.elmoudjahid.com\/fr\/culture\/semaine-de-la-langue-italienne-dans-le-monde-une-exposition-de-bd-inauguree-a-alger-670\">Semaine de la langue italienne dans le monde : Une exposition de BD inaugur\u00e9e \u00e0 Alger<\/a>\u00a0&#8211;\u00a0<strong>22.10.2020<\/strong><\/p>\n<p><strong>LIBERTE<\/strong>\u00a0&#8211;\u00a0<a href=\"https:\/\/www.liberte-algerie.com\/culture\/feriel-gasmi-issiakhem-elevee-au-rang-de-chevalier-de-lordre-de-letoile-348721\">Feriel Gasmi Issiakhem \u00e9lev\u00e9e au rang de Chevalier de l&#8217;Ordre de l&#8217;\u00c9toile<\/a>\u00a0&#8211;\u00a0<strong>11.11.2020<\/strong><\/p>\n<p><strong>El Watan<\/strong>\u00a0&#8211;\u00a0<a href=\"https:\/\/www.elwatan.com\/edition\/culture\/grade-de-chevalier-de-lordre-de-letoile-ditalie-a-feriel-gasmi-issiakhem-distinction-et-reconnaissance-15-11-2020\">Grade de chevalier de l\u2019ordre de l\u2019\u00e9toile d\u2019Italie \u00e0 Feriel Gasmi Issiakhem : Distinction et reconnaissance<\/a>\u00a0&#8211;\u00a0<strong>15.11.2020<\/strong><\/p>\n","protected":false},"excerpt":{"rendered":"Le Maghreb\u00a0&#8211;\u00a0Selon Antontia Grande : L&#8217;Institut culturel italien d&#8217;Alger poursuit ses activit\u00e9s\u00a0&#8211;\u00a031.03.2020 Dailymuslim\u00a0&#8211;\u00a0Algeri, il canto libero che sfida il virus\u00a0&#8211;\u00a012.03.2020 Reporters\u00a0&#8211;\u00a0\u00abLe chant libre des \u00e9toiles m\u00e9diterran\u00e9ennes\u00bb, le 10 mars \u00e0 l\u2019Institut culturel italien d\u2019Alger : Hommage au pouvoir lib\u00e9rateur des voix f\u00e9minines\u00a0&#8211;\u00a008.03.2020 Le Midi\u00a0&#8211;\u00a0&#8220;Le chant libre des \u00e9toiles m\u00e9diterran\u00e9ennes\u00a0&#8211;\u00a004.03.2020 El Moudjahid\u00a0&#8211;\u00a0Spectacle musical : \u00abLe chant [&hellip;]","protected":false},"author":6,"featured_media":0,"parent":274,"menu_order":0,"comment_status":"closed","ping_status":"closed","template":"","meta":{"footnotes":""},"class_list":["post-289","page","type-page","status-publish","hentry"],"_links":{"self":[{"href":"https:\/\/iicalgeri.esteri.it\/it\/wp-json\/wp\/v2\/pages\/289","targetHints":{"allow":["GET"]}}],"collection":[{"href":"https:\/\/iicalgeri.esteri.it\/it\/wp-json\/wp\/v2\/pages"}],"about":[{"href":"https:\/\/iicalgeri.esteri.it\/it\/wp-json\/wp\/v2\/types\/page"}],"author":[{"embeddable":true,"href":"https:\/\/iicalgeri.esteri.it\/it\/wp-json\/wp\/v2\/users\/6"}],"replies":[{"embeddable":true,"href":"https:\/\/iicalgeri.esteri.it\/it\/wp-json\/wp\/v2\/comments?post=289"}],"version-history":[{"count":1,"href":"https:\/\/iicalgeri.esteri.it\/it\/wp-json\/wp\/v2\/pages\/289\/revisions"}],"predecessor-version":[{"id":290,"href":"https:\/\/iicalgeri.esteri.it\/it\/wp-json\/wp\/v2\/pages\/289\/revisions\/290"}],"up":[{"embeddable":true,"href":"https:\/\/iicalgeri.esteri.it\/it\/wp-json\/wp\/v2\/pages\/274"}],"wp:attachment":[{"href":"https:\/\/iicalgeri.esteri.it\/it\/wp-json\/wp\/v2\/media?parent=289"}],"curies":[{"name":"wp","href":"https:\/\/api.w.org\/{rel}","templated":true}]}}

<p><strong>Le Maghreb</strong> &#8211; <a href="https://www.lemaghrebdz.com/?page=detail_actualite&amp;rubrique=Nation&amp;id=99647">Selon Antontia Grande : L&#8217;Institut culturel italien d&#8217;Alger poursuit ses activités</a> &#8211; <strong>31.03.2020</strong></p>
<p><strong>Dailymuslim</strong> &#8211; <a href="https://www.dailymuslim.it/algeri-il-canto-libero-che-sfida-il-virus/">Algeri, il canto libero che sfida il virus</a> &#8211; <strong>12.03.2020</strong></p>
<p><strong>Reporters</strong> &#8211; <a href="https://www.reporters.dz/le-chant-libre-des-etoiles-mediterraneennes-le-10-mars-a-linstitut-culturel-italien-dalger-hommage-au-pouvoir-liberateur-des-voix-feminines/">«Le chant libre des étoiles méditerranéennes», le 10 mars à l’Institut culturel italien d’Alger : Hommage au pouvoir libérateur des voix féminines</a> &#8211; <strong>08.03.2020</strong></p>
<p><strong>Le Midi</strong> &#8211; <a href="http://www.lemidi-dz.com/index.php?operation=voir_article&amp;id_article=culture@art1@2020-03-04">&#8220;Le chant libre des étoiles méditerranéennes</a> &#8211; <strong>04.03.2020</strong></p>
<p><strong>El Moudjahid</strong> &#8211; <a href="http://www.elmoudjahid.com/fr/actualites/149281">Spectacle musical : «Le chant libre des étoiles méditerranéennes» à Alger</a> &#8211; <strong>04.03.2020</strong></p>
<p><strong>Algérie62</strong> &#8211; <a href="https://www.algerie62.com/cinema-italien-hommage-a-federico-fellini/">Cinéma Italien: Hommage à Federico Fellini</a> &#8211; <strong>30.09.2020</strong></p>
<p><strong>L&#8217;Expression</strong> &#8211; <a href="http://www.lexpressiondz.com/culture/cycle-federico-fellini-335887">Institut culturel italien &#8211; Cycle Federico Fellini</a> &#8211; <strong>05.10.2020</strong></p>
<p><strong>Reporters</strong> &#8211; <a href="https://www.reporters.dz/institut-culturel-italien-dalger-pour-celebrer-son-centenaire-une-retrospective-consacree-a-federico-fellini-des-aujourdhui/">Institut culturel italien d’Alger : Pour célébrer son centenaire, une rétrospective consacrée à Federico Fellini dès aujourd’hui</a> &#8211; <strong>05.10.2020</strong></p>
<p><strong>El Watan</strong> &#8211; <a href="https://www.elwatan.com/edition/culture/institut-culturel-italien-retrospective-consacree-a-federico-fellini-06-10-2020">Institut culturel italien : Rétrospective consacrée à Federico Fellini</a> &#8211; <strong>06.10.2020</strong></p>
<p><strong>Le Soir d&#8217;Algérie</strong> &#8211; <a href="https://www.lesoirdalgerie.com/culture/une-retrospective-fellini-a-loccasion-du-centenaire-du-cineaste-49306"> Institut culturel italien d’Alger Une rétrospective Fellini, à l’occasion du centenaire du cinéaste</a> &#8211; <strong>07.10.2020</strong></p>
<p><strong>El Moudjahid</strong> &#8211; <a href="https://www.elmoudjahid.com/fr/culture/semaine-de-la-langue-italienne-dans-le-monde-une-exposition-de-bd-inauguree-a-alger-670">Semaine de la langue italienne dans le monde : Une exposition de BD inaugurée à Alger</a> &#8211; <strong>22.10.2020</strong></p>
<p><strong>LIBERTE</strong> &#8211; <a href="https://www.liberte-algerie.com/culture/feriel-gasmi-issiakhem-elevee-au-rang-de-chevalier-de-lordre-de-letoile-348721">Feriel Gasmi Issiakhem élevée au rang de Chevalier de l&#8217;Ordre de l&#8217;Étoile</a> &#8211; <strong>11.11.2020</strong></p>
<p><strong>El Watan</strong> &#8211; <a href="https://www.elwatan.com/edition/culture/grade-de-chevalier-de-lordre-de-letoile-ditalie-a-feriel-gasmi-issiakhem-distinction-et-reconnaissance-15-11-2020">Grade de chevalier de l’ordre de l’étoile d’Italie à Feriel Gasmi Issiakhem : Distinction et reconnaissance</a> &#8211; <strong>15.11.2020</strong></p>

Le Maghreb &#8211; Selon Antontia Grande : L&#8217;Institut culturel italien d&#8217;Alger poursuit ses activités &#8211; 31.03.2020 Dailymuslim &#8211; Algeri, il canto libero che sfida il virus &#8211; 12.03.2020 Reporters &#8211; «Le chant libre des étoiles méditerranéennes», le 10 mars à l’Institut culturel italien d’Alger : Hommage au pouvoir libérateur des voix féminines &#8211; 08.03.2020 Le Midi &#8211; &#8220;Le chant libre des étoiles méditerranéennes &#8211; 04.03.2020 El Moudjahid &#8211; Spectacle musical : «Le chant [&hellip;]
