{"id":505,"date":"2023-07-17T09:20:06","date_gmt":"2023-07-17T08:20:06","guid":{"rendered":"https:\/\/iicalgeri.esteri.it\/?page_id=505"},"modified":"2023-08-21T13:57:36","modified_gmt":"2023-08-21T12:57:36","slug":"cooperation-culturelle-et-scientifique","status":"publish","type":"page","link":"https:\/\/iicalgeri.esteri.it\/fr\/chi-siamo\/contatti\/opportunites\/cooperation-culturelle-et-scientifique\/","title":{"rendered":"Coop\u00e9ration culturelle et scientifique"},"content":{"rendered":"<p>Le Minist\u00e8re Italien des Affaires Etrang\u00e8res \u00e0 travers la Direction G\u00e9n\u00e9rale pour la Promotion et la Coop\u00e9ration Culturelle promeut le d\u00e9veloppement de la Collaboration Culturelle et Scientifique en favorisant d&rsquo;une part l&rsquo;ex\u00e9cution de programmes bilat\u00e9raux de collaboration culturelle et d&rsquo;autre part la recherche scientifique et technologique \u00e0 travers la r\u00e9alisation et la coordination de programmes scientifiques et technologiques, des voyages et des s\u00e9jours en Italie et \u00e0 l&rsquo;\u00e9tranger d&rsquo;\u00e9tudiants et de chercheurs.<\/p>\n<p><strong>Programmes Bilat\u00e9raux de Collaboration Culturelle<br \/>\n<\/strong><br \/>\nLes programmes culturels proviennent de la mise en oeuvre des accords culturels et d\u00e9finissent la programmation de l&rsquo;activit\u00e9 pr\u00e9vue par chaque article de l&rsquo;accord.<\/p>\n<p>Parmi ceux ci nous rappelons :<\/p>\n<ul>\n<li>La diffusion de la langue et de la culture \u00e0 travers l&rsquo;institution de la chaire professorale et du lectorat ;<\/li>\n<li>Echange de mat\u00e9riels et d&rsquo;experts dans les secteurs de l&rsquo;\u00e9dition, de l&rsquo;\u00e9ducation et du patrimoine culturel ;<\/li>\n<li>Echange de professeurs et de chercheurs universitaires ;<\/li>\n<li>Echange d&rsquo;archivistes et de biblioth\u00e9caires ;<\/li>\n<li>Echange d&rsquo;expositions ;<\/li>\n<li>Echange entre mus\u00e9es, activit\u00e9s de restauration, missions arch\u00e9ologiques ;<\/li>\n<li>Echange de bourses d&rsquo;\u00e9tudes ; collaboration des radios et t\u00e9l\u00e9visions ;<\/li>\n<li>Coop\u00e9ration dans le secteur des \u00e9changes scolaires et du sport ;<\/li>\n<\/ul>\n<p>L&rsquo;accord pr\u00e9vo\u00eet en g\u00e9n\u00e9ral l&rsquo;institution d&rsquo;une commission mixte, compos\u00e9e de repr\u00e9sentants des deux pays signataires, qui se r\u00e9unissent p\u00e9riodiquement pour r\u00e9diger les programmes pluri- annuels et examiner l&rsquo;\u00e9tat de la coop\u00e9ration culturelle entre les deux pays.<\/p>\n<p>Le programme a une dur\u00e9e variable, en g\u00e9n\u00e9ral entre deux et quatre ans, r\u00e9sultat d&rsquo;un accord entre les parties.<\/p>\n<p><strong>Coop\u00e9ration culturelle, scientifique et technologique Alg\u00e9ro-Italienne<\/strong><\/p>\n<p>Le dernier Accord de Coop\u00e9ration culturelle, scientifique et technologique entre l\u2019Alg\u00e9rie et l\u2019Italie, a \u00e9t\u00e9 sign\u00e9 \u00e0 Alger le 3 juin 2002 et il a \u00e9t\u00e9 ratifi\u00e9 par le Parlement Italien le 10 janvier 2004.<\/p>\n<p>Actuellement est en phase de n\u00e9gociation le programme ex\u00e9cutif relatif \u00e0 la Coop\u00e9ration scientifique et technologique pour les ann\u00e9es 2006-2009.<\/p>\n","protected":false},"excerpt":{"rendered":"Le Minist\u00e8re Italien des Affaires Etrang\u00e8res \u00e0 travers la Direction G\u00e9n\u00e9rale pour la Promotion et la Coop\u00e9ration Culturelle promeut le d\u00e9veloppement de la Collaboration Culturelle et Scientifique en favorisant d&rsquo;une part l&rsquo;ex\u00e9cution de programmes bilat\u00e9raux de collaboration culturelle et d&rsquo;autre part la recherche scientifique et technologique \u00e0 travers la r\u00e9alisation et la coordination de programmes [&hellip;]","protected":false},"author":4,"featured_media":0,"parent":495,"menu_order":0,"comment_status":"closed","ping_status":"closed","template":"","meta":{"footnotes":""},"class_list":["post-505","page","type-page","status-publish","hentry"],"_links":{"self":[{"href":"https:\/\/iicalgeri.esteri.it\/fr\/wp-json\/wp\/v2\/pages\/505","targetHints":{"allow":["GET"]}}],"collection":[{"href":"https:\/\/iicalgeri.esteri.it\/fr\/wp-json\/wp\/v2\/pages"}],"about":[{"href":"https:\/\/iicalgeri.esteri.it\/fr\/wp-json\/wp\/v2\/types\/page"}],"author":[{"embeddable":true,"href":"https:\/\/iicalgeri.esteri.it\/fr\/wp-json\/wp\/v2\/users\/4"}],"replies":[{"embeddable":true,"href":"https:\/\/iicalgeri.esteri.it\/fr\/wp-json\/wp\/v2\/comments?post=505"}],"version-history":[{"count":1,"href":"https:\/\/iicalgeri.esteri.it\/fr\/wp-json\/wp\/v2\/pages\/505\/revisions"}],"predecessor-version":[{"id":506,"href":"https:\/\/iicalgeri.esteri.it\/fr\/wp-json\/wp\/v2\/pages\/505\/revisions\/506"}],"up":[{"embeddable":true,"href":"https:\/\/iicalgeri.esteri.it\/fr\/wp-json\/wp\/v2\/pages\/495"}],"wp:attachment":[{"href":"https:\/\/iicalgeri.esteri.it\/fr\/wp-json\/wp\/v2\/media?parent=505"}],"curies":[{"name":"wp","href":"https:\/\/api.w.org\/{rel}","templated":true}]}}

Coopération culturelle et scientifique

<p>Le Ministère Italien des Affaires Etrangères à travers la Direction Générale pour la Promotion et la Coopération Culturelle promeut le développement de la Collaboration Culturelle et Scientifique en favorisant d&rsquo;une part l&rsquo;exécution de programmes bilatéraux de collaboration culturelle et d&rsquo;autre part la recherche scientifique et technologique à travers la réalisation et la coordination de programmes scientifiques et technologiques, des voyages et des séjours en Italie et à l&rsquo;étranger d&rsquo;étudiants et de chercheurs.</p>
<p><strong>Programmes Bilatéraux de Collaboration Culturelle<br />
</strong><br />
Les programmes culturels proviennent de la mise en oeuvre des accords culturels et définissent la programmation de l&rsquo;activité prévue par chaque article de l&rsquo;accord.</p>
<p>Parmi ceux ci nous rappelons :</p>
<ul>
<li>La diffusion de la langue et de la culture à travers l&rsquo;institution de la chaire professorale et du lectorat ;</li>
<li>Echange de matériels et d&rsquo;experts dans les secteurs de l&rsquo;édition, de l&rsquo;éducation et du patrimoine culturel ;</li>
<li>Echange de professeurs et de chercheurs universitaires ;</li>
<li>Echange d&rsquo;archivistes et de bibliothécaires ;</li>
<li>Echange d&rsquo;expositions ;</li>
<li>Echange entre musées, activités de restauration, missions archéologiques ;</li>
<li>Echange de bourses d&rsquo;études ; collaboration des radios et télévisions ;</li>
<li>Coopération dans le secteur des échanges scolaires et du sport ;</li>
</ul>
<p>L&rsquo;accord prévoît en général l&rsquo;institution d&rsquo;une commission mixte, composée de représentants des deux pays signataires, qui se réunissent périodiquement pour rédiger les programmes pluri- annuels et examiner l&rsquo;état de la coopération culturelle entre les deux pays.</p>
<p>Le programme a une durée variable, en général entre deux et quatre ans, résultat d&rsquo;un accord entre les parties.</p>
<p><strong>Coopération culturelle, scientifique et technologique Algéro-Italienne</strong></p>
<p>Le dernier Accord de Coopération culturelle, scientifique et technologique entre l’Algérie et l’Italie, a été signé à Alger le 3 juin 2002 et il a été ratifié par le Parlement Italien le 10 janvier 2004.</p>
<p>Actuellement est en phase de négociation le programme exécutif relatif à la Coopération scientifique et technologique pour les années 2006-2009.</p>

Le Ministère Italien des Affaires Etrangères à travers la Direction Générale pour la Promotion et la Coopération Culturelle promeut le développement de la Collaboration Culturelle et Scientifique en favorisant d&rsquo;une part l&rsquo;exécution de programmes bilatéraux de collaboration culturelle et d&rsquo;autre part la recherche scientifique et technologique à travers la réalisation et la coordination de programmes [&hellip;]
