{"id":479,"date":"2023-07-16T10:29:44","date_gmt":"2023-07-16T09:29:44","guid":{"rendered":"https:\/\/iicalgeri.esteri.it\/chi-siamo\/la-sede\/espace-presse\/2017-2\/"},"modified":"2023-07-16T10:29:44","modified_gmt":"2023-07-16T09:29:44","slug":"2017-2","status":"publish","type":"page","link":"https:\/\/iicalgeri.esteri.it\/fr\/chi-siamo\/la-sede\/espace-presse\/2017-2\/","title":{"rendered":"2017"},"content":{"rendered":"<p>Libert\u00e9 &#8211;\u00a0<a href=\"https:\/\/www.liberte-algerie.com\/magazine\/franc-succes-pour-le-show-culinaire-des-pizzaioli-italiens-281934\">Franc succ\u00e8s pour le show culinaire des pizzaioli italiens<\/a>\u00a0&#8211; 26.11.2017<\/p>\n<p>Lechodalgerie-dz\u00a0<a href=\"http:\/\/lechodalgerie-dz.com\/brandt-algerie-parraine-la-2eme-edition-de-la-semaine-culinaire-italienne\/\">Brandt Alg\u00e9rie parraine la 2\u00e8me \u00e9dition de la semaine culinaire italienne<\/a>\u00a0&#8211; 26.11.2017<\/p>\n<p>Libert\u00e9 &#8211;\u00a0<a href=\"https:\/\/www.liberte-algerie.com\/culture\/errance-decheance-et-sensualite-281872#.Whm5n37sFsE.facebook\">EXPOSITION \u201cCYCLES\u201d DE L\u2019ARTISTE AMINA BENBOUR\u00c8CHE \u00c0 L\u2019INSTITUT CULTUREL ITALIEN<\/a>\u00a0&#8211; 25.11.2017<\/p>\n<p>APS &#8211;\u00a0<a href=\"http:\/\/www.aps.dz\/algerie\/66024\">Le chant traditionnel sarde s&rsquo;invite \u00e0 Alger par la voix d&rsquo;Elena Ledda<\/a>\u00a0&#8211; 22.11.2017<\/p>\n<p>Lib\u00e9rt\u00e9 &#8211;\u00a0<a href=\"https:\/\/www.liberte-algerie.com\/culture\/voyage-au-coeur-de-la-tradition-culinaire-sarde-281647\">Voyage au c\u0153ur de la tradition culinaire sarde<\/a>\u00a0&#8211; 21.11.2017<\/p>\n<p>L&rsquo;Expression &#8211;\u00a0<a href=\"http:\/\/www.lexpressiondz.com\/actualite\/280301-un-pizza-show-sera-ouvert-vendredi-a-alger.html\">SEMAINE GASTRONOMIQUE ITALIENNE DANS LE MONDE\u00a0<\/a>&#8211; 21-11-2017<\/p>\n<p>Le soir d&rsquo;Alg\u00e9rie &#8211;\u00a0<a href=\"http:\/\/www.lesoirdalgerie.com\/articles\/2017\/11\/20\/article.php?sid=220166&amp;cid=16\">Deuxi\u00e8me semaine de la cuisine italienne dans le monde<\/a>\u00a0&#8211; 20.11.2017<\/p>\n<p>APS &#8211;\u00a0<a href=\"http:\/\/www.aps.dz\/societe\/65913-2e-edition-de-la-semaine-de-la-cuisine-italienne-presentee-a-alger\">2e \u00e9dition de la semaine de la cuisine italienne pr\u00e9sent\u00e9e \u00e0 Alger<\/a>\u00a0&#8211; 19.11.2017<\/p>\n<p>APS &#8211;\u00a0<a href=\"http:\/\/www.aps.dz\/culture\/65870-premiere-exposition-de-amina-benboureche-une-artiste-autodidacte\">Premi\u00e8re exposition de Amina Benboureche,une artiste autodidacte<\/a>\u00a0&#8211; 19.11.2017<\/p>\n<p>Reporters &#8211;\u00a0<a href=\"http:\/\/www.reporters.dz\/index.php\/actualites\/2015-03-15-21-29-31\/item\/88327-semaine-de-la-cuisine-italienne-dans-le-monde-a-alger-et-oran-a-la-decouverte-de-la-sardaigne-et-de-son-art-culinaire\">Semaine de la cuisine italienne dans le monde \u00e0 Alger et Oran : \u00c0 la d\u00e9couverte de la Sardaigne et de son art culinaire<\/a>\u00a0\u00a0\u00a0\u00a0\u00a0 &#8211; 18.11.2017<\/p>\n<p>Le national &#8211;\u00a0<a href=\"http:\/\/lenationaldz.info\/?p=7867\">La 17\u00e8me semaine de la langue italienne dans le monde s\u2019invite pour la premi\u00e8re fois \u00e0 l\u2019Universit\u00e9 d\u2019Annaba<\/a>\u00a0&#8211; 17.10.17<\/p>\n<p>Reporters &#8211;\u00a0<a href=\"http:\/\/www.reporters.dz\/index.php\/actualites\/2015-03-15-21-29-31\/item\/86941-semaine-de-la-langue-italienne-dans-le-monde-du-17-au-22-octobre-quand-le-monde-parle-italien\">Semaine de la langue italienne dans le monde, du 17 au 22 octobre : Quand le monde parle italien<\/a>\u00a0&#8211; 17.10.2017<\/p>\n<p>Libert\u00e9 &#8211;\u00a0<a href=\"https:\/\/www.liberte-algerie.com\/culture\/giuseppe-verdi-ressuscite-a-lopera-dalger-279359\">Giuseppe Verdi ressuscit\u00e9 \u00e0 l\u2019Op\u00e9ra d\u2019Alger<\/a>\u00a0&#8211; 16.10.2017<\/p>\n<p>Sud horizons &#8211;\u00a0<a href=\"http:\/\/www.sudhorizons.dz\/fr\/principal-francais\/culture\/22932-9e-festival-culturel-international-de-musique-symphonique-la-traviata-de-giuseppe-verdi-ouvre-le-bal\">9e Festival Culturel International de Musique Symphonique : la Traviata de Giuseppe Verdi ouvre le bal<\/a>\u00a0&#8211; 15.10.2017<\/p>\n<p>Huffpostmaghreb &#8211;\u00a0<a href=\"http:\/\/www.huffpostmaghreb.com\/2017\/10\/10\/9e-edition-du-festival-culturel-international-de-musique-symphonique-dalger-fcims-ledition-du-defi-_n_18228786.html\">9e \u00e9dition du Festival Culturel International de Musique Symphonique d&rsquo;Alger<\/a>\u00a0&#8211; 10.10.2017<\/p>\n<p>El Moudjahid &#8211;\u00a0<a href=\"http:\/\/www.elmoudjahid.com\/fr\/actualites\/114549\">Institut culturel italien : Un riche programme<\/a>\u00a0&#8211; 02.10.2017<\/p>\n<p>Le soir d&rsquo;Alg\u00e9rie &#8211;\u00a0<a href=\"http:\/\/www.lesoirdalgerie.com\/articles\/2017\/07\/25\/article.php?sid=216923&amp;cid=16\">Concerto di Nabil Hamai \u201cUn quadrato di Cielo\u201d in un omaggio alla musica italiana e algerina<\/a>\u00a0&#8211; 25.07.2017<\/p>\n<p>El Watan &#8211;\u00a0<a href=\"http:\/\/elwatan.com\/hebdo\/arts-et-lettres\/pain-images-et-genie-17-06-2017-347420_159.php\">Passion : L\u2019immortel cin\u00e9ma italien<\/a>\u00a0&#8211; 17.06.2017<\/p>\n<p>Jeune-independant, p9\u00a0<a href=\"http:\/\/www.jeune-independant.net\/IMG\/pdf\/edition2.pdf\">L\u2019Isola Misteriosa \u2013 Melodramma musicale di Shul\u00f9q Ensemble nell\u2019ambito della XVIII Edizione del Festival Culturale Europeo<\/a>\u00a0&#8211; 16\/18.05.2017<\/p>\n<p>Reporters &#8211;\u00a0<a href=\"http:\/\/www.reporters.dz\/index.php\/actualites\/2015-03-15-21-29-31\/item\/79634-maria-battaglia-directrice-de-l-institut-culturel-italien-l-italien-est-devenu-la-troisieme-langue-etrangere-dans-les-ecoles-algeriennes-c-est-un-progres-enorme\">Maria Battaglia, directrice de l\u2019Institut culturel italien : \u00abL\u2019italien est devenu la troisi\u00e8me langue \u00e9trang\u00e8re dans les \u00e9coles alg\u00e9riennes, c\u2019est un progr\u00e8s \u00e9norme\u00bb<\/a>\u00a0&#8211; 04.05.2017<\/p>\n<p>El Moudjahid &#8211;\u00a0<a href=\"http:\/\/www.elmoudjahid.com\/fr\/actualites\/108674\">Conferenza in occasione del 150\u00b0 anniversario della nascita di Luigi Pirandello<\/a>\u00a0&#8211; 04.05.2017<\/p>\n<p>Guide-Alger &#8211;\u00a0<a href=\"https:\/\/www.guide-alger.com\/culturelle\/item\/899-nouveau-roman-de-amara-lakhous.html\">La zingarata della verginella di Via Ormea<\/a>\u00a0&#8211; 12.04.2017<\/p>\n<p>Guide-Alger &#8211;\u00a0<a href=\"https:\/\/www.guide-alger.com\/culturelle\/item\/887-rencontre-autour-de-l-emir-abdelkader.html\">Emiro Abdelkader, uomo del dialogo interreligioso nel XIX secolo<\/a>&#8211; 08.04.2017<\/p>\n<p>Djazairess\u00a0&#8211;\u00a0<a href=\"http:\/\/www.djazairess.com\/fr\/apsfr\/455414\">MARE CALMO<\/a>\u00a0&#8211; 29.03.2017<\/p>\n<p>Algerie360 &#8211;\u00a0<a href=\"http:\/\/www.algerie360.com\/algerie\/nation\/bourses-detudes-2017-2018-en-italie-plusieurs-universites-et-instituts-algeriens-concernes\/\">Bourses d\u2019\u00e9tudes 2017-2018 en Italie<\/a>\u00a0&#8211; 27.03.2017<\/p>\n<p>Ambalgzagreb &#8211;\u00a0<a href=\"http:\/\/www.ambalgzagreb.com\/2862-anniversaire-du-traite-de-rome-necessite-de-renforcer-la-cooperation-entre-l-algerie-et-l-ue\">60\u00b0 Anniversario dei Trattati di Roma<\/a>\u00a0&#8211; 25\/27.03.2017<\/p>\n<p>El Moudjahid &#8211;\u00a0<a href=\"http:\/\/www.elmoudjahid.com\/fr\/actualites\/106657\">Formazione in lingua italiana\u00a0<\/a>&#8211; 21.03.2017<\/p>\n<p>Fibladi &#8211;<a href=\"http:\/\/fibladi.dz\/actualit%C3%A9\/l-info\/item\/703303-l%E2%80%99italie-et-la-guerre-d%E2%80%99alg%C3%A9rie-1954-1962-par-bruna-bagnato-la-diplomatie-%C3%A0-l%E2%80%99%C3%A9preuve\">L\u2019Italia e la guerra d\u2019Algeria 1954-1962<\/a>\u00a0 &#8211; 18.03.2017<\/p>\n<p>Le soir d&rsquo;Alg\u00e9rie &#8211;\u00a0<a href=\"http:\/\/www.lesoirdalgerie.com\/articles\/2017\/03\/12\/article.php?sid=210546&amp;cid=16\">EMOTION FOR CHANGE<\/a>\u00a0&#8211; 09.03.2017<\/p>\n<p>huffpostmaghreb &#8211;\u00a0<a href=\"http:\/\/www.huffpostmaghreb.com\/2017\/03\/05\/exposition-design-italien_n_15165758.html\">Giornata del design italiano nel mondo<\/a>\u00a0&#8211; 4-18.03.2017<\/p>\n<p>Le soir d&rsquo;Alg\u00e9rie &#8211;\u00a0<a href=\"http:\/\/www.lesoirdalgerie.com\/articles\/2017\/02\/05\/article.php?sid=208827&amp;cid=16\">L\u2019Opera Italiana s&rsquo;invita alla Radio<\/a>\u00a0&#8211; 11.02.2017<\/p>\n<p>Djazairess\u00a0&#8211;\u00a0<a href=\"http:\/\/www.djazairess.com\/fr\/lemidi\/1701240802\">Recital \u00ab Con Piacere \u00bb<\/a>\u00a0&#8211; 24.01.2017<\/p>\n","protected":false},"excerpt":{"rendered":"Libert\u00e9 &#8211;\u00a0Franc succ\u00e8s pour le show culinaire des pizzaioli italiens\u00a0&#8211; 26.11.2017 Lechodalgerie-dz\u00a0Brandt Alg\u00e9rie parraine la 2\u00e8me \u00e9dition de la semaine culinaire italienne\u00a0&#8211; 26.11.2017 Libert\u00e9 &#8211;\u00a0EXPOSITION \u201cCYCLES\u201d DE L\u2019ARTISTE AMINA BENBOUR\u00c8CHE \u00c0 L\u2019INSTITUT CULTUREL ITALIEN\u00a0&#8211; 25.11.2017 APS &#8211;\u00a0Le chant traditionnel sarde s&rsquo;invite \u00e0 Alger par la voix d&rsquo;Elena Ledda\u00a0&#8211; 22.11.2017 Lib\u00e9rt\u00e9 &#8211;\u00a0Voyage au c\u0153ur de la [&hellip;]","protected":false},"author":6,"featured_media":0,"parent":400,"menu_order":0,"comment_status":"closed","ping_status":"closed","template":"","meta":{"footnotes":""},"class_list":["post-479","page","type-page","status-publish","hentry"],"_links":{"self":[{"href":"https:\/\/iicalgeri.esteri.it\/fr\/wp-json\/wp\/v2\/pages\/479","targetHints":{"allow":["GET"]}}],"collection":[{"href":"https:\/\/iicalgeri.esteri.it\/fr\/wp-json\/wp\/v2\/pages"}],"about":[{"href":"https:\/\/iicalgeri.esteri.it\/fr\/wp-json\/wp\/v2\/types\/page"}],"author":[{"embeddable":true,"href":"https:\/\/iicalgeri.esteri.it\/fr\/wp-json\/wp\/v2\/users\/6"}],"replies":[{"embeddable":true,"href":"https:\/\/iicalgeri.esteri.it\/fr\/wp-json\/wp\/v2\/comments?post=479"}],"version-history":[{"count":0,"href":"https:\/\/iicalgeri.esteri.it\/fr\/wp-json\/wp\/v2\/pages\/479\/revisions"}],"up":[{"embeddable":true,"href":"https:\/\/iicalgeri.esteri.it\/fr\/wp-json\/wp\/v2\/pages\/400"}],"wp:attachment":[{"href":"https:\/\/iicalgeri.esteri.it\/fr\/wp-json\/wp\/v2\/media?parent=479"}],"curies":[{"name":"wp","href":"https:\/\/api.w.org\/{rel}","templated":true}]}}

<p>Liberté &#8211; <a href="https://www.liberte-algerie.com/magazine/franc-succes-pour-le-show-culinaire-des-pizzaioli-italiens-281934">Franc succès pour le show culinaire des pizzaioli italiens</a> &#8211; 26.11.2017</p>
<p>Lechodalgerie-dz <a href="http://lechodalgerie-dz.com/brandt-algerie-parraine-la-2eme-edition-de-la-semaine-culinaire-italienne/">Brandt Algérie parraine la 2ème édition de la semaine culinaire italienne</a> &#8211; 26.11.2017</p>
<p>Liberté &#8211; <a href="https://www.liberte-algerie.com/culture/errance-decheance-et-sensualite-281872#.Whm5n37sFsE.facebook">EXPOSITION “CYCLES” DE L’ARTISTE AMINA BENBOURÈCHE À L’INSTITUT CULTUREL ITALIEN</a> &#8211; 25.11.2017</p>
<p>APS &#8211; <a href="http://www.aps.dz/algerie/66024">Le chant traditionnel sarde s&rsquo;invite à Alger par la voix d&rsquo;Elena Ledda</a> &#8211; 22.11.2017</p>
<p>Libérté &#8211; <a href="https://www.liberte-algerie.com/culture/voyage-au-coeur-de-la-tradition-culinaire-sarde-281647">Voyage au cœur de la tradition culinaire sarde</a> &#8211; 21.11.2017</p>
<p>L&rsquo;Expression &#8211; <a href="http://www.lexpressiondz.com/actualite/280301-un-pizza-show-sera-ouvert-vendredi-a-alger.html">SEMAINE GASTRONOMIQUE ITALIENNE DANS LE MONDE </a>&#8211; 21-11-2017</p>
<p>Le soir d&rsquo;Algérie &#8211; <a href="http://www.lesoirdalgerie.com/articles/2017/11/20/article.php?sid=220166&amp;cid=16">Deuxième semaine de la cuisine italienne dans le monde</a> &#8211; 20.11.2017</p>
<p>APS &#8211; <a href="http://www.aps.dz/societe/65913-2e-edition-de-la-semaine-de-la-cuisine-italienne-presentee-a-alger">2e édition de la semaine de la cuisine italienne présentée à Alger</a> &#8211; 19.11.2017</p>
<p>APS &#8211; <a href="http://www.aps.dz/culture/65870-premiere-exposition-de-amina-benboureche-une-artiste-autodidacte">Première exposition de Amina Benboureche,une artiste autodidacte</a> &#8211; 19.11.2017</p>
<p>Reporters &#8211; <a href="http://www.reporters.dz/index.php/actualites/2015-03-15-21-29-31/item/88327-semaine-de-la-cuisine-italienne-dans-le-monde-a-alger-et-oran-a-la-decouverte-de-la-sardaigne-et-de-son-art-culinaire">Semaine de la cuisine italienne dans le monde à Alger et Oran : À la découverte de la Sardaigne et de son art culinaire</a>      &#8211; 18.11.2017</p>
<p>Le national &#8211; <a href="http://lenationaldz.info/?p=7867">La 17ème semaine de la langue italienne dans le monde s’invite pour la première fois à l’Université d’Annaba</a> &#8211; 17.10.17</p>
<p>Reporters &#8211; <a href="http://www.reporters.dz/index.php/actualites/2015-03-15-21-29-31/item/86941-semaine-de-la-langue-italienne-dans-le-monde-du-17-au-22-octobre-quand-le-monde-parle-italien">Semaine de la langue italienne dans le monde, du 17 au 22 octobre : Quand le monde parle italien</a> &#8211; 17.10.2017</p>
<p>Liberté &#8211; <a href="https://www.liberte-algerie.com/culture/giuseppe-verdi-ressuscite-a-lopera-dalger-279359">Giuseppe Verdi ressuscité à l’Opéra d’Alger</a> &#8211; 16.10.2017</p>
<p>Sud horizons &#8211; <a href="http://www.sudhorizons.dz/fr/principal-francais/culture/22932-9e-festival-culturel-international-de-musique-symphonique-la-traviata-de-giuseppe-verdi-ouvre-le-bal">9e Festival Culturel International de Musique Symphonique : la Traviata de Giuseppe Verdi ouvre le bal</a> &#8211; 15.10.2017</p>
<p>Huffpostmaghreb &#8211; <a href="http://www.huffpostmaghreb.com/2017/10/10/9e-edition-du-festival-culturel-international-de-musique-symphonique-dalger-fcims-ledition-du-defi-_n_18228786.html">9e édition du Festival Culturel International de Musique Symphonique d&rsquo;Alger</a> &#8211; 10.10.2017</p>
<p>El Moudjahid &#8211; <a href="http://www.elmoudjahid.com/fr/actualites/114549">Institut culturel italien : Un riche programme</a> &#8211; 02.10.2017</p>
<p>Le soir d&rsquo;Algérie &#8211; <a href="http://www.lesoirdalgerie.com/articles/2017/07/25/article.php?sid=216923&amp;cid=16">Concerto di Nabil Hamai “Un quadrato di Cielo” in un omaggio alla musica italiana e algerina</a> &#8211; 25.07.2017</p>
<p>El Watan &#8211; <a href="http://elwatan.com/hebdo/arts-et-lettres/pain-images-et-genie-17-06-2017-347420_159.php">Passion : L’immortel cinéma italien</a> &#8211; 17.06.2017</p>
<p>Jeune-independant, p9 <a href="http://www.jeune-independant.net/IMG/pdf/edition2.pdf">L’Isola Misteriosa – Melodramma musicale di Shulùq Ensemble nell’ambito della XVIII Edizione del Festival Culturale Europeo</a> &#8211; 16/18.05.2017</p>
<p>Reporters &#8211; <a href="http://www.reporters.dz/index.php/actualites/2015-03-15-21-29-31/item/79634-maria-battaglia-directrice-de-l-institut-culturel-italien-l-italien-est-devenu-la-troisieme-langue-etrangere-dans-les-ecoles-algeriennes-c-est-un-progres-enorme">Maria Battaglia, directrice de l’Institut culturel italien : «L’italien est devenu la troisième langue étrangère dans les écoles algériennes, c’est un progrès énorme»</a> &#8211; 04.05.2017</p>
<p>El Moudjahid &#8211; <a href="http://www.elmoudjahid.com/fr/actualites/108674">Conferenza in occasione del 150° anniversario della nascita di Luigi Pirandello</a> &#8211; 04.05.2017</p>
<p>Guide-Alger &#8211; <a href="https://www.guide-alger.com/culturelle/item/899-nouveau-roman-de-amara-lakhous.html">La zingarata della verginella di Via Ormea</a> &#8211; 12.04.2017</p>
<p>Guide-Alger &#8211; <a href="https://www.guide-alger.com/culturelle/item/887-rencontre-autour-de-l-emir-abdelkader.html">Emiro Abdelkader, uomo del dialogo interreligioso nel XIX secolo</a>&#8211; 08.04.2017</p>
<p>Djazairess &#8211; <a href="http://www.djazairess.com/fr/apsfr/455414">MARE CALMO</a> &#8211; 29.03.2017</p>
<p>Algerie360 &#8211; <a href="http://www.algerie360.com/algerie/nation/bourses-detudes-2017-2018-en-italie-plusieurs-universites-et-instituts-algeriens-concernes/">Bourses d’études 2017-2018 en Italie</a> &#8211; 27.03.2017</p>
<p>Ambalgzagreb &#8211; <a href="http://www.ambalgzagreb.com/2862-anniversaire-du-traite-de-rome-necessite-de-renforcer-la-cooperation-entre-l-algerie-et-l-ue">60° Anniversario dei Trattati di Roma</a> &#8211; 25/27.03.2017</p>
<p>El Moudjahid &#8211; <a href="http://www.elmoudjahid.com/fr/actualites/106657">Formazione in lingua italiana </a>&#8211; 21.03.2017</p>
<p>Fibladi &#8211;<a href="http://fibladi.dz/actualit%C3%A9/l-info/item/703303-l%E2%80%99italie-et-la-guerre-d%E2%80%99alg%C3%A9rie-1954-1962-par-bruna-bagnato-la-diplomatie-%C3%A0-l%E2%80%99%C3%A9preuve">L’Italia e la guerra d’Algeria 1954-1962</a>  &#8211; 18.03.2017</p>
<p>Le soir d&rsquo;Algérie &#8211; <a href="http://www.lesoirdalgerie.com/articles/2017/03/12/article.php?sid=210546&amp;cid=16">EMOTION FOR CHANGE</a> &#8211; 09.03.2017</p>
<p>huffpostmaghreb &#8211; <a href="http://www.huffpostmaghreb.com/2017/03/05/exposition-design-italien_n_15165758.html">Giornata del design italiano nel mondo</a> &#8211; 4-18.03.2017</p>
<p>Le soir d&rsquo;Algérie &#8211; <a href="http://www.lesoirdalgerie.com/articles/2017/02/05/article.php?sid=208827&amp;cid=16">L’Opera Italiana s&rsquo;invita alla Radio</a> &#8211; 11.02.2017</p>
<p>Djazairess &#8211; <a href="http://www.djazairess.com/fr/lemidi/1701240802">Recital « Con Piacere »</a> &#8211; 24.01.2017</p>

Liberté &#8211; Franc succès pour le show culinaire des pizzaioli italiens &#8211; 26.11.2017 Lechodalgerie-dz Brandt Algérie parraine la 2ème édition de la semaine culinaire italienne &#8211; 26.11.2017 Liberté &#8211; EXPOSITION “CYCLES” DE L’ARTISTE AMINA BENBOURÈCHE À L’INSTITUT CULTUREL ITALIEN &#8211; 25.11.2017 APS &#8211; Le chant traditionnel sarde s&rsquo;invite à Alger par la voix d&rsquo;Elena Ledda &#8211; 22.11.2017 Libérté &#8211; Voyage au cœur de la [&hellip;]
